greatest common factor of 140 and 11200?
140
What is the highest common divisor of 1102 and 38?
38
Calculate the highest common factor of 65 and 221.
13
What is the highest common factor of 4958 and 148?
74
Calculate the greatest common factor of 644 and 460.
92
Calculate the greatest common factor of 33561 and 66.
33
What is the highest common divisor of 168 and 21?
21
Calculate the greatest common factor of 655 and 155.
5
Calculate the greatest common factor of 33 and 5709.
33
Calculate the greatest common factor of 231 and 2373.
21
Calculate the highest common divisor of 36 and 132.
12
What is the greatest common divisor of 940 and 20?
20
Calculate the greatest common factor of 2516 and 888.
148
Calculate the greatest common factor of 533 and 91.
13
What is the highest common factor of 870 and 2?
2
Calculate the highest common divisor of 64 and 8224.
32
Calculate the greatest common divisor of 6 and 88.
2
What is the greatest common factor of 6319 and 213?
71
What is the greatest common divisor of 1155 and 495?
165
Calculate the highest common divisor of 165 and 75.
15
Calculate the highest common divisor of 93 and 310.
31
What is the greatest common divisor of 828 and 36?
36
Calculate the greatest common factor of 22 and 77.
11
What is the highest common factor of 104 and 12584?
104
Calculate the highest common factor of 8 and 8592.
8
What is the highest common factor of 99 and 1863?
9
Calculate the highest common factor of 672 and 4872.
168
What is the highest common factor of 46 and 1035?
23
What is the greatest common factor of 20 and 8530?
10
Calculate the highest common divisor of 90 and 2560.
10
Calculate the greatest common factor of 91 and 117.
13
What is the greatest common divisor of 6 and 396?
6
Calculate the greatest common divisor of 15 and 1280.
5
What is the greatest common factor of 12864 and 670?
134
Calculate the highest common divisor of 26 and 1274.
26
Calculate the highest common factor of 4648 and 224.
56
What is the greatest common divisor of 50 and 130?
10
What is the greatest common factor of 371 and 1325?
53
What is the greatest common divisor of 950 and 646?
38
What is the greatest common divisor of 36 and 2796?
12
What is the greatest common factor of 14 and 1484?
14
Calculate the highest common factor of 37 and 2257.
37
What is the highest common factor of 155 and 3751?
31
What is the greatest common divisor of 27 and 489?
3
Calculate the highest common factor of 21 and 29505.
21
Calculate the greatest common divisor of 18 and 25614.
18
Calculate the highest common factor of 2624 and 738.
82
What is the greatest common divisor of 28 and 3766?
14
What is the highest common factor of 2592 and 96?
96
Calculate the greatest common divisor of 52546 and 86.
86
Calculate the greatest common factor of 106 and 2.
2
Calculate the greatest common divisor of 442 and 238.
34
What is the highest common divisor of 5329 and 146?
73
Calculate the highest common divisor of 30 and 10.
10
What is the greatest common factor of 896 and 7?
7
Calculate the highest common divisor of 212 and 53.
53
Calculate the highest common divisor of 41 and 8651.
41
Calculate the greatest common divisor of 10 and 14.
2
What is the greatest common factor of 85 and 51?
17
What is the highest common divisor of 38 and 4142?
38
What is the greatest common divisor of 6 and 27?
3
Calculate the greatest common divisor of 3056 and 48.
16
What is the greatest common divisor of 9536 and 448?
64
What is the greatest common factor of 46752 and 48?
48
What is the greatest common divisor of 88 and 22?
22
Calculate the greatest common factor of 6120 and 2856.
408
What is the greatest common factor of 8 and 232?
8
Calculate the greatest common divisor of 11635 and 195.
65
What is the greatest common divisor of 4296 and 16?
8
Calculate the greatest common divisor of 120 and 1880.
40
What is the highest common divisor of 144 and 168?
24
What is the highest common factor of 8993 and 69?
23
What is the greatest common factor of 135390 and 30?
30
Calculate the greatest common factor of 6 and 7908.
6
What is the greatest common factor of 2 and 2?
2
Calculate the greatest common divisor of 10600 and 8.
8
What is the greatest common divisor of 22 and 275?
11
Calculate the greatest common divisor of 1368 and 76.
76
Calculate the greatest common factor of 58 and 46632.
58
What is the highest common divisor of 3 and 81?
3
Calculate the highest common divisor of 60 and 620.
20
Calculate the highest common factor of 66 and 286.
22
What is the greatest common factor of 10146 and 3738?
534
What is the highest common factor of 90 and 150?
30
What is the greatest common factor of 2970 and 132?
66
What is the greatest common divisor of 1736 and 616?
56
What is the highest common factor of 62 and 589?
31
What is the highest common factor of 140 and 1010?
10
What is the greatest common divisor of 49 and 833?
49
Calculate the highest common divisor of 117 and 1781.
13
What is the greatest common factor of 682 and 22?
22
What is the highest common divisor of 124 and 3193?
31
Calculate the greatest common factor of 900 and 108.
36
What is the highest common factor of 108 and 675?
27
Calculate the highest common divisor of 4411 and 121.
11
Calculate the highest common divisor of 34 and 4505.
17
What is the greatest common factor of 3468 and 153?
51
Calculate the greatest common divisor of 96 and 15.
3
Calculate the highest common factor of 3608 and 82.
82
Calculate the greatest common factor of 507 and 39.
39
Calculate the highest common divisor of 100 and 225.
25
What is the greatest common factor of 169 and 91?
13
Calculate the highest common divisor of 189 and 42.
21
What is the greatest common divisor of 780 and 468?
156
Calculate the greatest common divisor of 1332 and 36.
36
What is the greatest common factor of 14 and 224?
14
What is the greatest common divisor of 232 and 856?
8
Calculate the highest common divisor of 3640 and 637.
91
What is the highest common divisor of 437 and 171?
19
What is the highest common divisor of 81 and 1107?
27
What is the greatest common factor of 42 and 10?
2
What is the greatest common divisor of 58 and 406?
58
Calculate the highest common factor of 228 and 36.
12
What is the greatest common factor of 399 and 76?
19
What is the greatest common factor of 1445 and 85?
85
What is the highest common factor of 7 and 14?
7
Calculate the highest common factor of 260 and 1720.
20
What is the greatest common factor of 17223 and 3?
3
Calculate the highest common factor of 9355 and 5.
5
What is the highest common divisor of 143 and 88?
11
Calculate the greatest common factor of 11 and 11517.
11
Calculate the greatest common factor of 2149 and 7.
7
Calculate the highest common factor of 180 and 72.
36
Calculate the greatest common divisor of 16 and 1.
1
Calculate the greatest common divisor of 6108 and 12.
12
What is the greatest common divisor of 4 and 9320?
4
What is the highest common factor of 22 and 3586?
22
What is the highest common divisor of 1304 and 16?
8
What is the highest common factor of 161 and 7?
7
Calculate the greatest common divisor of 7116 and 12.
12
What is the greatest common factor of 2292 and 132?
12
Calculate the greatest common divisor of 2 and 1.
1
What is the highest common factor of 1416 and 48?
24
Calculate the greatest common divisor of 88 and 77.
11
Calculate the highest common factor of 10 and 265.
5
What is the greatest common factor of 365 and 219?
73
Calculate the highest common factor of 20 and 12.
4
What is the greatest common divisor of 20 and 580?
20
Calculate the greatest common factor of 278 and 8062.
278
What is the greatest common factor of 6106 and 142?
142
Calculate the greatest common factor of 15 and 95.
5
What is the highest common divisor of 6 and 518?
2
What is the greatest common divisor of 480 and 132?
12
What is the greatest common divisor of 47 and 27119?
47
Calculate the highest common divisor of 54 and 2646.
54
What is the highest common factor of 1224 and 578?
34
What is the greatest common divisor of 33 and 3531?
33
Calculate the highest common divisor of 8 and 188.
4
Calculate the highest common factor of 418 and 6935.
19
Calculate the greatest common factor of 488 and 64.
8
Calculate the highest c